{"id":184,"date":"2024-04-25T13:59:27","date_gmt":"2024-04-25T11:59:27","guid":{"rendered":"http:\/\/wordpress.p667731.webspaceconfig.de\/?page_id=184"},"modified":"2026-02-26T08:47:19","modified_gmt":"2026-02-26T07:47:19","slug":"formular","status":"publish","type":"page","link":"https:\/\/heimatverein-borghorst.de\/index.php\/formular\/","title":{"rendered":"Formulare"},"content":{"rendered":"\n<p style=\"font-size:30px\"><\/p>\n\n\n\n<div style=\"height:30px\" aria-hidden=\"true\" class=\"wp-block-spacer\"><\/div>\n\n\n\n<div class=\"wp-block-cover is-light has-neve-link-color-color has-text-color has-link-color wp-elements-06688c1ad33c013d7482d9e71c1b3649\" style=\"border-width:1px\"><span aria-hidden=\"true\" class=\"wp-block-cover__background has-background-dim-60 has-background-dim\" style=\"background-color:#FFF\"><\/span><div class=\"wp-block-cover__inner-container is-layout-constrained wp-block-cover-is-layout-constrained\">\n<div class=\"wp-block-cover is-light\"><span aria-hidden=\"true\" class=\"wp-block-cover__background has-background-dim-0 has-background-dim\" style=\"background-color:#FFF\"><\/span><div class=\"wp-block-cover__inner-container is-layout-constrained wp-block-cover-is-layout-constrained\">\n<div class=\"wp-block-media-text is-stacked-on-mobile has-neve-link-color-color has-text-color has-link-color wp-elements-f430105c3df9a7e3891420a0ad8a2c52\" style=\"border-width:1px;grid-template-columns:30% auto\"><figure class=\"wp-block-media-text__media\"><img loading=\"lazy\" decoding=\"async\" width=\"730\" height=\"915\" src=\"https:\/\/heimatverein-borghorst.de\/wp-content\/uploads\/2025\/07\/Aufnahmeantrag2025.jpg\" alt=\"\" class=\"wp-image-10137 size-full\" srcset=\"https:\/\/heimatverein-borghorst.de\/wp-content\/uploads\/2025\/07\/Aufnahmeantrag2025.jpg 730w, https:\/\/heimatverein-borghorst.de\/wp-content\/uploads\/2025\/07\/Aufnahmeantrag2025-239x300.jpg 239w\" sizes=\"auto, (max-width: 730px) 100vw, 730px\" \/><\/figure><div class=\"wp-block-media-text__content\">\n<p><\/p>\n\n\n\n<p class=\"has-neve-link-color-color has-text-color has-link-color wp-elements-a8a07c173a745ee4faee245fd4935c33\">Bitte gebt das vollst\u00e4ndig ausgef\u00fcllte und unterschriebene Formular bei einem unserer Vorst\u00e4nde oder im Heimathaus ab. Sehr gerne k\u00f6nnt ihr uns den Aufnahmeantrag auch postalisch an folgende Adresse zusenden:<\/p>\n\n\n\n<p class=\"has-text-align-left has-neve-link-color-color has-text-color has-link-color wp-elements-3c44e3ceddcd2649d13e62f5baf50a1a\"><strong>Heimatverein Borghorst e.V.<br>M\u00fcnsterstr. 7<br>48565 Steinfurt<\/strong><\/p>\n\n\n\n<p style=\"font-size:18px\">Oder ihr sendet und den Antrag per Mail..<\/p>\n\n\n\n<div style=\"height:10px\" aria-hidden=\"true\" class=\"wp-block-spacer\"><\/div>\n\n\n\n<div class=\"wp-block-buttons is-content-justification-center is-layout-flex wp-container-core-buttons-is-layout-16018d1d wp-block-buttons-is-layout-flex\">\n<div class=\"wp-block-button has-custom-width wp-block-button__width-75 is-style-primary\"><a class=\"wp-block-button__link has-nv-c-2-background-color has-background wp-element-button\" href=\"mailto:info@heimatverein-borghorst.de\">Kontakt<\/a><\/div>\n<\/div>\n\n\n\n<div style=\"height:10px\" aria-hidden=\"true\" class=\"wp-block-spacer\"><\/div>\n\n\n\n<div class=\"wp-block-buttons is-content-justification-center is-layout-flex wp-container-core-buttons-is-layout-16018d1d wp-block-buttons-is-layout-flex\">\n<div class=\"wp-block-button has-custom-width wp-block-button__width-75 is-style-primary\"><a class=\"wp-block-button__link wp-element-button\" href=\"https:\/\/heimatverein-borghorst.de\/wp-content\/uploads\/2025\/07\/Mitglied-werden-2025.pdf\">Mitgliedschaft<\/a><\/div>\n<\/div>\n\n\n\n<div style=\"height:10px\" aria-hidden=\"true\" class=\"wp-block-spacer\"><\/div>\n<\/div><\/div>\n\n\n\n<div style=\"height:30px\" aria-hidden=\"true\" class=\"wp-block-spacer\"><\/div>\n\n\n\n<div class=\"wp-block-media-text is-stacked-on-mobile has-neve-link-color-color has-text-color has-link-color wp-elements-a8cb72ed41544ebfc4bf59a2153bcfbb\" style=\"border-width:1px;grid-template-columns:30% auto\"><figure class=\"wp-block-media-text__media\"><img loading=\"lazy\" decoding=\"async\" width=\"630\" height=\"886\" src=\"https:\/\/heimatverein-borghorst.de\/wp-content\/uploads\/2025\/07\/SatzungNeuBild.png\" alt=\"\" class=\"wp-image-9958 size-full\" srcset=\"https:\/\/heimatverein-borghorst.de\/wp-content\/uploads\/2025\/07\/SatzungNeuBild.png 630w, https:\/\/heimatverein-borghorst.de\/wp-content\/uploads\/2025\/07\/SatzungNeuBild-213x300.png 213w\" sizes=\"auto, (max-width: 630px) 100vw, 630px\" \/><\/figure><div class=\"wp-block-media-text__content\">\n<p><\/p>\n\n\n\n<p class=\"has-neve-link-color-color has-text-color has-link-color wp-elements-a3283da8dac295931245ee0c801efbc3\"><\/p>\n\n\n\n<p class=\"has-text-align-left has-neve-link-color-color has-text-color has-link-color wp-elements-3c44e3ceddcd2649d13e62f5baf50a1a\"><strong>Heimatverein Borghorst e.V.<br>M\u00fcnsterstr. 7<br>48565 Steinfurt<\/strong><\/p>\n\n\n\n<p class=\"has-neve-link-color-color has-text-color has-link-color wp-elements-a3ec150d52a3d31105d41a445adcad52\">Falls sich Fragen ergeben:<\/p>\n\n\n\n<div class=\"wp-block-buttons is-content-justification-center is-layout-flex wp-container-core-buttons-is-layout-16018d1d wp-block-buttons-is-layout-flex\">\n<div class=\"wp-block-button has-custom-width wp-block-button__width-75 is-style-primary\"><a class=\"wp-block-button__link has-nv-c-2-background-color has-background wp-element-button\" href=\"mailto:info@heimatverein-borghorst.de\">Kontakt<\/a><\/div>\n<\/div>\n\n\n\n<div style=\"height:10px\" aria-hidden=\"true\" class=\"wp-block-spacer\"><\/div>\n\n\n\n<div class=\"wp-block-buttons is-content-justification-center is-layout-flex wp-container-core-buttons-is-layout-16018d1d wp-block-buttons-is-layout-flex\">\n<div class=\"wp-block-button has-custom-width wp-block-button__width-75 is-style-primary\"><a class=\"wp-block-button__link wp-element-button\" href=\"https:\/\/heimatverein-borghorst.de\/wp-content\/uploads\/2025\/07\/Satzung2025-1.pdf\">Satzung<\/a><\/div>\n<\/div>\n\n\n\n<div style=\"height:10px\" aria-hidden=\"true\" class=\"wp-block-spacer\"><\/div>\n<\/div><\/div>\n\n\n\n<div style=\"height:30px\" aria-hidden=\"true\" class=\"wp-block-spacer\"><\/div>\n\n\n\n<div class=\"wp-block-media-text is-stacked-on-mobile has-neve-link-color-color has-text-color has-link-color wp-elements-51646cd38b443c748afeda7b0dbb018a\" style=\"border-width:1px;grid-template-columns:30% auto\"><figure class=\"wp-block-media-text__media\"><img loading=\"lazy\" decoding=\"async\" width=\"943\" height=\"628\" src=\"https:\/\/heimatverein-borghorst.de\/wp-content\/uploads\/2025\/07\/Bildschirmfoto-2025-02-24-um-10.39.16.png\" alt=\"\" class=\"wp-image-10164 size-full\" srcset=\"https:\/\/heimatverein-borghorst.de\/wp-content\/uploads\/2025\/07\/Bildschirmfoto-2025-02-24-um-10.39.16.png 943w, https:\/\/heimatverein-borghorst.de\/wp-content\/uploads\/2025\/07\/Bildschirmfoto-2025-02-24-um-10.39.16-300x200.png 300w, https:\/\/heimatverein-borghorst.de\/wp-content\/uploads\/2025\/07\/Bildschirmfoto-2025-02-24-um-10.39.16-768x511.png 768w, https:\/\/heimatverein-borghorst.de\/wp-content\/uploads\/2025\/07\/Bildschirmfoto-2025-02-24-um-10.39.16-930x620.png 930w\" sizes=\"auto, (max-width: 943px) 100vw, 943px\" \/><\/figure><div class=\"wp-block-media-text__content\">\n<p><\/p>\n\n\n\n<p class=\"has-neve-link-color-color has-text-color has-link-color wp-elements-9e15a3f237c3bfa29e141876c695b969\">Unser Flyer mit den Jahresterminen bis M\u00e4rz 2027<\/p>\n\n\n\n<div style=\"height:10px\" aria-hidden=\"true\" class=\"wp-block-spacer\"><\/div>\n\n\n\n<div class=\"wp-block-buttons is-content-justification-center is-layout-flex wp-container-core-buttons-is-layout-16018d1d wp-block-buttons-is-layout-flex\">\n<div class=\"wp-block-button has-custom-width wp-block-button__width-75 is-style-primary\"><a class=\"wp-block-button__link wp-element-button\" href=\"https:\/\/heimatverein-borghorst.de\/wp-content\/uploads\/2026\/02\/Flyer-Jahresprogramm-2026-2027_Internet.pdf\" target=\"_blank\" rel=\"noreferrer noopener nofollow\">Unser Flyer<\/a><\/div>\n<\/div>\n\n\n\n<div style=\"height:10px\" aria-hidden=\"true\" class=\"wp-block-spacer\"><\/div>\n<\/div><\/div>\n\n\n\n<div style=\"height:30px\" aria-hidden=\"true\" class=\"wp-block-spacer\"><\/div>\n\n\n\n<div class=\"wp-block-media-text is-stacked-on-mobile has-neve-link-color-color has-text-color has-link-color wp-elements-19d1cf9d331ae2bb550cf1b2b25866a8\" style=\"border-width:1px;grid-template-columns:30% auto\"><figure class=\"wp-block-media-text__media\"><img loading=\"lazy\" decoding=\"async\" width=\"934\" height=\"650\" src=\"https:\/\/heimatverein-borghorst.de\/wp-content\/uploads\/2025\/07\/FlyerBorRundBild.jpg\" alt=\"\" class=\"wp-image-10166 size-full\" srcset=\"https:\/\/heimatverein-borghorst.de\/wp-content\/uploads\/2025\/07\/FlyerBorRundBild.jpg 934w, https:\/\/heimatverein-borghorst.de\/wp-content\/uploads\/2025\/07\/FlyerBorRundBild-300x209.jpg 300w, https:\/\/heimatverein-borghorst.de\/wp-content\/uploads\/2025\/07\/FlyerBorRundBild-768x534.jpg 768w\" sizes=\"auto, (max-width: 934px) 100vw, 934px\" \/><\/figure><div class=\"wp-block-media-text__content\">\n<p><\/p>\n\n\n\n<p class=\"has-neve-link-color-color has-text-color has-link-color wp-elements-3767229f868d5e9c7d8a8f2742286c75\">Unser Flyer &#8222;Borghorst im Wandel der Zeit&#8220;<\/p>\n\n\n\n<div style=\"height:10px\" aria-hidden=\"true\" class=\"wp-block-spacer\"><\/div>\n\n\n\n<div class=\"wp-block-buttons is-content-justification-center is-layout-flex wp-container-core-buttons-is-layout-16018d1d wp-block-buttons-is-layout-flex\">\n<div class=\"wp-block-button has-custom-width wp-block-button__width-75 is-style-primary\"><a class=\"wp-block-button__link wp-element-button\" href=\"https:\/\/heimatverein-borghorst.de\/wp-content\/uploads\/2025\/07\/Flyer-Bilderrundgang.pdf\">Rundgang<\/a><\/div>\n<\/div>\n\n\n\n<div style=\"height:10px\" aria-hidden=\"true\" class=\"wp-block-spacer\"><\/div>\n<\/div><\/div>\n\n\n\n<div style=\"height:30px\" aria-hidden=\"true\" class=\"wp-block-spacer\"><\/div>\n\n\n\n<div class=\"wp-block-media-text is-stacked-on-mobile has-neve-link-color-color has-text-color has-link-color wp-elements-24890ac5e927d4b8f3c7c0f31444be44\" style=\"border-width:1px;grid-template-columns:30% auto\"><figure class=\"wp-block-media-text__media\"><img loading=\"lazy\" decoding=\"async\" width=\"684\" height=\"900\" src=\"https:\/\/heimatverein-borghorst.de\/wp-content\/uploads\/2025\/07\/Regeln-Rad.png\" alt=\"\" class=\"wp-image-9956 size-full\" srcset=\"https:\/\/heimatverein-borghorst.de\/wp-content\/uploads\/2025\/07\/Regeln-Rad.png 684w, https:\/\/heimatverein-borghorst.de\/wp-content\/uploads\/2025\/07\/Regeln-Rad-228x300.png 228w\" sizes=\"auto, (max-width: 684px) 100vw, 684px\" \/><\/figure><div class=\"wp-block-media-text__content\">\n<p class=\"has-neve-link-color-color has-text-color has-link-color wp-elements-86ef079b75382d8f80dfbb8a0b6a9639\" style=\"font-size:18px\"><br>&#8222;Regeln f\u00fcr das Fahren im geschlossenen Verband gem. besonderen Vorschriften aus der StVO \u00a7 27&#8220;<br><br><\/p>\n\n\n\n<div class=\"wp-block-buttons is-content-justification-center is-layout-flex wp-container-core-buttons-is-layout-16018d1d wp-block-buttons-is-layout-flex\">\n<div class=\"wp-block-button has-custom-width wp-block-button__width-75 is-style-primary\"><a class=\"wp-block-button__link wp-element-button\" href=\"https:\/\/heimatverein-borghorst.de\/wp-content\/uploads\/2025\/07\/Regeln-Rad.png\">StVO \u00a7 27<\/a><\/div>\n<\/div>\n\n\n\n<div style=\"height:10px\" aria-hidden=\"true\" class=\"wp-block-spacer\"><\/div>\n<\/div><\/div>\n\n\n\n<div style=\"height:30px\" aria-hidden=\"true\" class=\"wp-block-spacer\"><\/div>\n<\/div><\/div>\n<\/div><\/div>\n\n\n\n<div style=\"height:50px\" aria-hidden=\"true\" class=\"wp-block-spacer\"><\/div>\n","protected":false},"excerpt":{"rendered":"","protected":false},"author":5,"featured_media":0,"parent":0,"menu_order":0,"comment_status":"closed","ping_status":"closed","template":"","meta":{"_canonical_pages":true,"_canonical_pages_meta":{"option":"this","url":""},"neve_meta_sidebar":"","neve_meta_container":"","neve_meta_enable_content_width":"","neve_meta_content_width":0,"neve_meta_title_alignment":"","neve_meta_author_avatar":"","neve_post_elements_order":"","neve_meta_disable_header":"","neve_meta_disable_footer":"","neve_meta_disable_title":"on","pgc_sgb_lightbox_settings":"","footnotes":""},"class_list":["post-184","page","type-page","status-publish","hentry"],"yoast_head":"<!-- This site is optimized with the Yoast SEO plugin v27.4 - https:\/\/yoast.com\/product\/yoast-seo-wordpress\/ -->\n<title>Formulare - Heimatverein-Borghorst e.V.<\/title>\n<meta name=\"robots\" content=\"index, follow, max-snippet:-1, max-image-preview:large, max-video-preview:-1\" \/>\n<link rel=\"canonical\" href=\"https:\/\/heimatverein-borghorst.de\/index.php\/formular\/\" \/>\n<meta property=\"og:locale\" content=\"de_DE\" \/>\n<meta property=\"og:type\" content=\"article\" \/>\n<meta property=\"og:title\" content=\"Formulare - Heimatverein-Borghorst e.V.\" \/>\n<meta property=\"og:url\" content=\"https:\/\/heimatverein-borghorst.de\/index.php\/formular\/\" \/>\n<meta property=\"og:site_name\" content=\"Heimatverein-Borghorst e.V.\" \/>\n<meta property=\"article:modified_time\" content=\"2026-02-26T07:47:19+00:00\" \/>\n<meta property=\"og:image\" content=\"https:\/\/heimatverein-borghorst.de\/wp-content\/uploads\/2025\/07\/Aufnahmeantrag2025.jpg\" \/>\n\t<meta property=\"og:image:width\" content=\"730\" \/>\n\t<meta property=\"og:image:height\" content=\"915\" \/>\n\t<meta property=\"og:image:type\" content=\"image\/jpeg\" \/>\n<meta name=\"twitter:card\" content=\"summary_large_image\" \/>\n<meta name=\"twitter:label1\" content=\"Gesch\u00e4tzte Lesezeit\" \/>\n\t<meta name=\"twitter:data1\" content=\"2\u00a0Minuten\" \/>\n<script type=\"application\/ld+json\" class=\"yoast-schema-graph\">{\"@context\":\"https:\\\/\\\/schema.org\",\"@graph\":[{\"@type\":\"WebPage\",\"@id\":\"https:\\\/\\\/heimatverein-borghorst.de\\\/index.php\\\/formular\\\/\",\"url\":\"https:\\\/\\\/heimatverein-borghorst.de\\\/index.php\\\/formular\\\/\",\"name\":\"Formulare - Heimatverein-Borghorst e.V.\",\"isPartOf\":{\"@id\":\"https:\\\/\\\/heimatverein-borghorst.de\\\/#website\"},\"primaryImageOfPage\":{\"@id\":\"https:\\\/\\\/heimatverein-borghorst.de\\\/index.php\\\/formular\\\/#primaryimage\"},\"image\":{\"@id\":\"https:\\\/\\\/heimatverein-borghorst.de\\\/index.php\\\/formular\\\/#primaryimage\"},\"thumbnailUrl\":\"https:\\\/\\\/heimatverein-borghorst.de\\\/wp-content\\\/uploads\\\/2025\\\/07\\\/Aufnahmeantrag2025.jpg\",\"datePublished\":\"2024-04-25T11:59:27+00:00\",\"dateModified\":\"2026-02-26T07:47:19+00:00\",\"breadcrumb\":{\"@id\":\"https:\\\/\\\/heimatverein-borghorst.de\\\/index.php\\\/formular\\\/#breadcrumb\"},\"inLanguage\":\"de\",\"potentialAction\":[{\"@type\":\"ReadAction\",\"target\":[\"https:\\\/\\\/heimatverein-borghorst.de\\\/index.php\\\/formular\\\/\"]}]},{\"@type\":\"ImageObject\",\"inLanguage\":\"de\",\"@id\":\"https:\\\/\\\/heimatverein-borghorst.de\\\/index.php\\\/formular\\\/#primaryimage\",\"url\":\"https:\\\/\\\/heimatverein-borghorst.de\\\/wp-content\\\/uploads\\\/2025\\\/07\\\/Aufnahmeantrag2025.jpg\",\"contentUrl\":\"https:\\\/\\\/heimatverein-borghorst.de\\\/wp-content\\\/uploads\\\/2025\\\/07\\\/Aufnahmeantrag2025.jpg\",\"width\":730,\"height\":915},{\"@type\":\"BreadcrumbList\",\"@id\":\"https:\\\/\\\/heimatverein-borghorst.de\\\/index.php\\\/formular\\\/#breadcrumb\",\"itemListElement\":[{\"@type\":\"ListItem\",\"position\":1,\"name\":\"Startseite\",\"item\":\"https:\\\/\\\/heimatverein-borghorst.de\\\/\"},{\"@type\":\"ListItem\",\"position\":2,\"name\":\"Formulare\"}]},{\"@type\":\"WebSite\",\"@id\":\"https:\\\/\\\/heimatverein-borghorst.de\\\/#website\",\"url\":\"https:\\\/\\\/heimatverein-borghorst.de\\\/\",\"name\":\"Heimatverein-Borghorst e.V.\",\"description\":\"\",\"publisher\":{\"@id\":\"https:\\\/\\\/heimatverein-borghorst.de\\\/#organization\"},\"potentialAction\":[{\"@type\":\"SearchAction\",\"target\":{\"@type\":\"EntryPoint\",\"urlTemplate\":\"https:\\\/\\\/heimatverein-borghorst.de\\\/?s={search_term_string}\"},\"query-input\":{\"@type\":\"PropertyValueSpecification\",\"valueRequired\":true,\"valueName\":\"search_term_string\"}}],\"inLanguage\":\"de\"},{\"@type\":\"Organization\",\"@id\":\"https:\\\/\\\/heimatverein-borghorst.de\\\/#organization\",\"name\":\"Heimatverein-Borghorst e.V.\",\"url\":\"https:\\\/\\\/heimatverein-borghorst.de\\\/\",\"logo\":{\"@type\":\"ImageObject\",\"inLanguage\":\"de\",\"@id\":\"https:\\\/\\\/heimatverein-borghorst.de\\\/#\\\/schema\\\/logo\\\/image\\\/\",\"url\":\"https:\\\/\\\/heimatverein-borghorst.de\\\/wp-content\\\/uploads\\\/2024\\\/05\\\/Logo.jpg\",\"contentUrl\":\"https:\\\/\\\/heimatverein-borghorst.de\\\/wp-content\\\/uploads\\\/2024\\\/05\\\/Logo.jpg\",\"width\":103,\"height\":121,\"caption\":\"Heimatverein-Borghorst e.V.\"},\"image\":{\"@id\":\"https:\\\/\\\/heimatverein-borghorst.de\\\/#\\\/schema\\\/logo\\\/image\\\/\"}}]}<\/script>\n<!-- \/ Yoast SEO plugin. -->","yoast_head_json":{"title":"Formulare - Heimatverein-Borghorst e.V.","robots":{"index":"index","follow":"follow","max-snippet":"max-snippet:-1","max-image-preview":"max-image-preview:large","max-video-preview":"max-video-preview:-1"},"canonical":"https:\/\/heimatverein-borghorst.de\/index.php\/formular\/","og_locale":"de_DE","og_type":"article","og_title":"Formulare - Heimatverein-Borghorst e.V.","og_url":"https:\/\/heimatverein-borghorst.de\/index.php\/formular\/","og_site_name":"Heimatverein-Borghorst e.V.","article_modified_time":"2026-02-26T07:47:19+00:00","og_image":[{"width":730,"height":915,"url":"https:\/\/heimatverein-borghorst.de\/wp-content\/uploads\/2025\/07\/Aufnahmeantrag2025.jpg","type":"image\/jpeg"}],"twitter_card":"summary_large_image","twitter_misc":{"Gesch\u00e4tzte Lesezeit":"2\u00a0Minuten"},"schema":{"@context":"https:\/\/schema.org","@graph":[{"@type":"WebPage","@id":"https:\/\/heimatverein-borghorst.de\/index.php\/formular\/","url":"https:\/\/heimatverein-borghorst.de\/index.php\/formular\/","name":"Formulare - Heimatverein-Borghorst e.V.","isPartOf":{"@id":"https:\/\/heimatverein-borghorst.de\/#website"},"primaryImageOfPage":{"@id":"https:\/\/heimatverein-borghorst.de\/index.php\/formular\/#primaryimage"},"image":{"@id":"https:\/\/heimatverein-borghorst.de\/index.php\/formular\/#primaryimage"},"thumbnailUrl":"https:\/\/heimatverein-borghorst.de\/wp-content\/uploads\/2025\/07\/Aufnahmeantrag2025.jpg","datePublished":"2024-04-25T11:59:27+00:00","dateModified":"2026-02-26T07:47:19+00:00","breadcrumb":{"@id":"https:\/\/heimatverein-borghorst.de\/index.php\/formular\/#breadcrumb"},"inLanguage":"de","potentialAction":[{"@type":"ReadAction","target":["https:\/\/heimatverein-borghorst.de\/index.php\/formular\/"]}]},{"@type":"ImageObject","inLanguage":"de","@id":"https:\/\/heimatverein-borghorst.de\/index.php\/formular\/#primaryimage","url":"https:\/\/heimatverein-borghorst.de\/wp-content\/uploads\/2025\/07\/Aufnahmeantrag2025.jpg","contentUrl":"https:\/\/heimatverein-borghorst.de\/wp-content\/uploads\/2025\/07\/Aufnahmeantrag2025.jpg","width":730,"height":915},{"@type":"BreadcrumbList","@id":"https:\/\/heimatverein-borghorst.de\/index.php\/formular\/#breadcrumb","itemListElement":[{"@type":"ListItem","position":1,"name":"Startseite","item":"https:\/\/heimatverein-borghorst.de\/"},{"@type":"ListItem","position":2,"name":"Formulare"}]},{"@type":"WebSite","@id":"https:\/\/heimatverein-borghorst.de\/#website","url":"https:\/\/heimatverein-borghorst.de\/","name":"Heimatverein-Borghorst e.V.","description":"","publisher":{"@id":"https:\/\/heimatverein-borghorst.de\/#organization"},"potentialAction":[{"@type":"SearchAction","target":{"@type":"EntryPoint","urlTemplate":"https:\/\/heimatverein-borghorst.de\/?s={search_term_string}"},"query-input":{"@type":"PropertyValueSpecification","valueRequired":true,"valueName":"search_term_string"}}],"inLanguage":"de"},{"@type":"Organization","@id":"https:\/\/heimatverein-borghorst.de\/#organization","name":"Heimatverein-Borghorst e.V.","url":"https:\/\/heimatverein-borghorst.de\/","logo":{"@type":"ImageObject","inLanguage":"de","@id":"https:\/\/heimatverein-borghorst.de\/#\/schema\/logo\/image\/","url":"https:\/\/heimatverein-borghorst.de\/wp-content\/uploads\/2024\/05\/Logo.jpg","contentUrl":"https:\/\/heimatverein-borghorst.de\/wp-content\/uploads\/2024\/05\/Logo.jpg","width":103,"height":121,"caption":"Heimatverein-Borghorst e.V."},"image":{"@id":"https:\/\/heimatverein-borghorst.de\/#\/schema\/logo\/image\/"}}]}},"_links":{"self":[{"href":"https:\/\/heimatverein-borghorst.de\/index.php\/wp-json\/wp\/v2\/pages\/184","targetHints":{"allow":["GET"]}}],"collection":[{"href":"https:\/\/heimatverein-borghorst.de\/index.php\/wp-json\/wp\/v2\/pages"}],"about":[{"href":"https:\/\/heimatverein-borghorst.de\/index.php\/wp-json\/wp\/v2\/types\/page"}],"author":[{"embeddable":true,"href":"https:\/\/heimatverein-borghorst.de\/index.php\/wp-json\/wp\/v2\/users\/5"}],"replies":[{"embeddable":true,"href":"https:\/\/heimatverein-borghorst.de\/index.php\/wp-json\/wp\/v2\/comments?post=184"}],"version-history":[{"count":206,"href":"https:\/\/heimatverein-borghorst.de\/index.php\/wp-json\/wp\/v2\/pages\/184\/revisions"}],"predecessor-version":[{"id":15323,"href":"https:\/\/heimatverein-borghorst.de\/index.php\/wp-json\/wp\/v2\/pages\/184\/revisions\/15323"}],"wp:attachment":[{"href":"https:\/\/heimatverein-borghorst.de\/index.php\/wp-json\/wp\/v2\/media?parent=184"}],"curies":[{"name":"wp","href":"https:\/\/api.w.org\/{rel}","templated":true}]}}